the hundreds digit of 28466?
4
What is the tens digit of 15030?
3
What is the tens digit of 2893?
9
What is the tens digit of 144?
4
What is the hundreds digit of 10651?
6
What is the hundreds digit of 1410?
4
What is the hundreds digit of 16736?
7
What is the tens digit of 729?
2
What is the hundreds digit of 1096?
0
What is the units digit of 379?
9
What is the units digit of 971?
1
What is the thousands digit of 2438?
2
What is the tens digit of 13783?
8
What is the ten thousands digit of 27942?
2
What is the units digit of 35676?
6
What is the ten thousands digit of 176230?
7
What is the units digit of 851?
1
What is the hundreds digit of 524?
5
What is the tens digit of 828?
2
What is the thousands digit of 30369?
0
What is the ten thousands digit of 118229?
1
What is the units digit of 13606?
6
What is the units digit of 61042?
2
What is the hundreds digit of 1135?
1
What is the thousands digit of 17338?
7
What is the hundreds digit of 878?
8
What is the units digit of 22158?
8
What is the units digit of 39614?
4
What is the hundreds digit of 1674?
6
What is the ten thousands digit of 22260?
2
What is the tens digit of 5348?
4
What is the units digit of 45?
5
What is the hundreds digit of 7198?
1
What is the units digit of 2659?
9
What is the ten thousands digit of 37651?
3
What is the thousands digit of 1930?
1
What is the hundreds digit of 655?
6
What is the units digit of 4348?
8
What is the thousands digit of 12889?
2
What is the hundreds digit of 1397?
3
What is the thousands digit of 37765?
7
What is the hundreds digit of 2349?
3
What is the hundreds digit of 910?
9
What is the hundreds digit of 217?
2
What is the hundreds digit of 6434?
4
What is the hundreds digit of 1738?
7
What is the thousands digit of 71409?
1
What is the ten thousands digit of 114850?
1
What is the hundreds digit of 9761?
7
What is the thousands digit of 57038?
7
What is the tens digit of 2301?
0
What is the hundreds digit of 65625?
6
What is the hundreds digit of 16026?
0
What is the ten thousands digit of 68044?
6
What is the thousands digit of 14988?
4
What is the thousands digit of 64832?
4
What is the hundreds digit of 9314?
3
What is the ten thousands digit of 154996?
5
What is the tens digit of 80?
8
What is the units digit of 7794?
4
What is the tens digit of 1088?
8
What is the tens digit of 25303?
0
What is the thousands digit of 23093?
3
What is the hundreds digit of 2980?
9
What is the units digit of 347?
7
What is the units digit of 584?
4
What is the thousands digit of 41471?
1
What is the tens digit of 10807?
0
What is the units digit of 48406?
6
What is the hundreds digit of 6025?
0
What is the ten thousands digit of 27191?
2
What is the hundreds digit of 5564?
5
What is the units digit of 26602?
2
What is the tens digit of 19887?
8
What is the ten thousands digit of 21633?
2
What is the ten thousands digit of 42088?
4
What is the ten thousands digit of 43674?
4
What is the units digit of 8148?
8
What is the tens digit of 1162?
6
What is the units digit of 155?
5
What is the units digit of 798?
8
What is the hundreds digit of 1723?
7
What is the hundreds digit of 33360?
3
What is the thousands digit of 1157?
1
What is the thousands digit of 22021?
2
What is the ten thousands digit of 17891?
1
What is the units digit of 3885?
5
What is the hundreds digit of 29190?
1
What is the units digit of 473?
3
What is the hundreds digit of 22804?
8
What is the hundreds digit of 15485?
4
What is the thousands digit of 3033?
3
What is the hundreds digit of 802?
8
What is the tens digit of 462?
6
What is the units digit of 6736?
6
What is the tens digit of 1973?
7
What is the tens digit of 31843?
4
What is the thousands digit of 2956?
2
What is the thousands digit of 54210?
4
What is the thousands digit of 20120?
0
What is the tens digit of 323?
2
What is the hundreds digit of 1006?
0
What is the hundreds digit of 1338?
3
What is the hundreds digit of 17359?
3
What is the thousands digit of 1297?
1
What is the tens digit of 892?
9
What is the hundreds digit of 2130?
1
What is the tens digit of 5163?
6
What is the units digit of 866?
6
What is the thousands digit of 30123?
0
What is the tens digit of 33749?
4
What is the thousands digit of 43202?
3
What is the hundreds digit of 11180?
1
What is the hundreds digit of 543?
5
What is the units digit of 19435?
5
What is the thousands digit of 2888?
2
What is the ten thousands digit of 10043?
1
What is the tens digit of 458?
5
What is the hundreds digit of 2358?
3
What is the units digit of 445?
5
What is the hundreds digit of 1646?
6
What is the tens digit of 2307?
0
What is the hundreds digit of 124?
1
What is the units digit of 414?
4
What is the tens digit of 886?
8
What is the hundreds digit of 2355?
3
What is the tens digit of 60387?
8
What is the tens digit of 853?
5
What is the tens digit of 47611?
1
What is the hundreds digit of 505?
5
What is the tens digit of 562?
6
What is the tens digit of 290?
9
What is the hundreds digit of 3203?
2
What is the hundreds digit of 5876?
8
What is the ten thousands digit of 56564?
5
What is the hundreds digit of 8305?
3
What is the hundreds digit of 112284?
2
What is the ten thousands digit of 31616?
3
What is the tens digit of 1129?
2
What is the hundreds digit of 3256?
2
What is the thousands digit of 15641?
5
What is the hundreds digit of 47298?
2
What is the hundreds digit of 3514?
5
What is the tens digit of 1166?
6
What is the thousands digit of 3227?
3
What is the units digit of 3521?
1
What is the hundreds digit of 20301?
3
What is the tens digit of 535?
3
What is the thousands digit of 12094?
2
What is the hundred thousands digit of 157684?
1
What is the hundreds digit of 1375?
3
What is the units digit of 675?
5
What is the hundreds digit of 8450?
4
What is the hundreds digit of 10017?
0
What is the hundreds digit of 95580?
5
What is the hundreds digit of 74136?
1
What is the units digit of 988?
8
What is the tens digit of 21707?
0
What is the thousands digit of 3272?
3
What is the ten thousands digit of 49440?
4
What is the thousands digit of 1049?
1
What is the hundreds digit of 28522?
5
What is the units digit of 12049?
9
What is the thousands digit of 57014?
7
What is the hundreds digit of 17291?
2
What is the thousands digit of 7797?
7
What is the units digit of 86133?
3
What is the thousands digit of 23748?
3
What is the hundreds digit of 1097?
0
What is the hundreds digit of 894?
8
What is the units digit of 12987?
7
What is the units digit of 5046?
6
What is the thousands digit of 4729?
4
What is the thousands digit of 3602?
3
What is the units digit of 2435?
5
What is the thousands digit of 3867?
3
What is the units digit of 2085?
5
What is the tens digit of 13590?
9
What is the units digit of 48725?
5
What is the ten thousands digit of 28271?
2
What is the hundreds digit of 1584?
5
What is the thousands digit of 3382?
3
What is the tens digit of 2179?
7
What is the thousands digit of 26033?
6
What is the units digit of 79?
9
What is the hundreds digit of 33522?
5
What is the thousands digit of 3451?
3
What is the hundreds digit of 1855?
8
What is the hundreds digit of 2810?
8
What is the thousands digit of 3878?
3
What is the hundreds digit of 3177?
1
What is the hundreds digit of 36246?
2
What is the units digit of 4056?
6
What is the tens digit of 1393?
9
What is the tens digit of 30897?
9
What is the thousands digit of 47261?
7
What is the hundreds digit of 17229?
2
What is the ten thousands digit of 13232?
1
What is the hundreds digit of 22351?
3
What is the units digit of 14881?
1
What is the hundreds digit of 16917?
9
What is the ten thousands digit of 69863?
6
What is the hundreds digit of 3121?
1
What is the hundreds digit of 6472?
4
What is the thousands digit of 11116?
1
What is the hundreds digit of 6937?
9
What is the hundreds digit of 257?
2
What is the tens digit of 386?
8
What is the tens digit of 29689?
8
What is the ten thousands digit of 34063?
3
What is the tens digit of 3680?
8
What is the tens digit of 417?
1
What is the units digit of 83337?
7
What is the ten thousands digit of 22667?
2
What is the hundreds digit of 10767?
7
What is the thousands digit of 10942?
0
What is the thousands digit of 25570?
5
What is the thousan